 -a - 3*m + 3006 - 509, -3*m - 2473 = -a. What is the highest common factor of a and 142?
71
Suppose 0 = -30*n - 90*n + 6000. What is the greatest common factor of n and 410?
10
Let r be (-2)/2 - (-416 + 1). Let b(x) = 6*x**2 - 3192*x + 6452. Let i be b(530). What is the greatest common factor of i and r?
46
Suppose 5*s - 5 = -4*u, 2*s - 25 = -0*s + 3*u. Suppose -15*k = -s*k. Suppose y + 5*y - 96 = k. What is the highest common factor of y and 144?
16
Let v(z) = -40*z - 2. Let t be v(-5). Suppose -3*w - 173 = -4*q, 2*q + 3*w = q + 47. Calculate the highest common factor of t and q.
22
Let i be ((-924)/539)/((-3)/126). Calculate the highest common factor of i and 376.
8
Let w(c) = 139*c - 1. Let b be w(13). Let o = 31331 + -31289. What is the greatest common factor of b and o?
42
Let a = -4447 + 4567. What is the highest common factor of a and 3320?
40
Suppose -2*i + 4*o - 4 = 8, 2*i + 5*o + 21 = 0. Let h be i + 15/6*2. Let m be (0 - -3)*(-58)/h. What is the greatest common divisor of m and 145?
29
Suppose 2*a + k = 1793, -2*a - 13*k + 10*k + 1803 = 0. What is the greatest common divisor of 24 and a?
6
Suppose 3*u - 914 = -5*g, 2*g + 624 = 2*u - 2*g. Let s(c) = -3*c - 28. Let d be s(-12). Suppose 2*y = d*y - 168. Calculate the highest common factor of y and u.
28
Let o = -4530 + 4634. What is the highest common divisor of 3068 and o?
52
Suppose -2565 + 27525 = 24*v. Suppose 22*f - 35*f = -v. What is the greatest common factor of f and 10?
10
Let w = -259 + 307. Suppose 8*d = 904 + 2552. Calculate the highest common divisor of d and w.
48
Suppose -569 = x - 4*q - 1707, -2*x + 3*q = -2291. Suppose -4*d = 5*c - x + 238, 4*c = -2*d + 456. Calculate the greatest common divisor of d and 12.
12
Let n = 3208 + -3160. What is the greatest common factor of 256 and n?
16
Let h(x) = 79*x - 276. Let f be h(4). Calculate the highest common divisor of f and 1640.
40
Suppose 83 = 2*y + 15. Suppose -y*o = -36*o + 570. What is the highest common factor of o and 15?
15
Let i(t) be the third derivative of -t**4/2 - 10*t**3 + 13*t**2 - t. Let b be i(-8). Calculate the greatest common factor of b and 24.
12
Let s be (5704890/4875 - 2/13) + 40/(-500). What is the greatest common divisor of 1300 and s?
130
Suppose -3*f + 4*f - 3 = 0. Suppose -51*k + 41*k = -100. Let u be 15/k*-4 + 7. What is the greatest common factor of u and f?
1
Suppose -3*w + 5*i + 11 = -9, w = 4*i + 16. Suppose w = -41*n + 43*n - 328. What is the highest common divisor of n and 4?
4
Suppose -4*a = -4, -3*g + 2*a + 1 + 33 = 0. Let m be 48/(30/(-5)) - -132. What is the highest common divisor of m and g?
4
Suppose -90 = 57*v - 1458. Suppose -3*n + 106 = -62. Calculate the highest common divisor of v and n.
8
Let o = -75 + 143. Suppose 3*b + o = b. Let r = 38 + b. Calculate the greatest common divisor of 4 and r.
4
Let h(k) = k**3 + 27*k**2 - 20*k + 242. Let f be h(-28). What is the greatest common divisor of f and 2133?
9
Let p(j) = j**3 - 3*j**2 - 3*j - 9. Let c be p(6). Suppose 11*z = 2*z + c. Calculate the greatest common divisor of 15 and z.
3
Let b be (-10)/(1/(-3) - 0). Suppose -11*o = 76*o - 174. Suppose s - 4*f = 322, -681 + 17 = -2*s - o*f. What is the greatest common divisor of b and s?
30
Suppose 0*f = 2*o + 3*f + 8, -4*f = -5*o + 3. Let k be (o + 4)*(-13)/(-13). Let r be 8/(-2) - 14/(-2). What is the greatest common divisor of r and k?
3
Let r = 179 + -130. Let j be 6/12 - (-33)/2. Suppose -3*x + j = -x - h, -22 = -x + 5*h. What is the highest common divisor of x and r?
7
Let d = 6255 + -5996. Calculate the greatest common divisor of d and 63.
7
Let x = 350 - -1873. What is the highest common divisor of x and 9?
9
Let l = -265 + 260. Let t be 1 + (l + (-76)/(-14))*7. What is the highest common factor of t and 212?
4
Suppose 215*k = 211*k - 2404. Let p = 655 + k. What is the greatest common divisor of p and 702?
54
Let f = -61 - -30. Let x be f/(0 - (-2)/(-4)). Let z = 44758 + -44448. What is the greatest common divisor of x and z?
62
Suppose -91*f + 5575 = -3525. What is the greatest common factor of 548 and f?
4
Let l be 1 - (-5 + -3)/2. Suppose 0 = 5*k + l*n + 20, 0 = n - 0 + 4. Let r be (1 - 1/(2/(-18))) + k. Calculate the greatest common factor of r and 110.
10
Suppose 2*a - 155 = s, -4*s - 91 - 61 = -2*a. Calculate the greatest common divisor of a and 3146.
26
Let z(m) = 6*m**3 + m**2 + 7*m - 21. Let g be z(3). Let d = 5 + 71. What is the greatest common divisor of d and g?
19
Let p(h) = -5*h**3 - 24*h**2 - 8*h + 65. Let j be p(-5). What is the greatest common divisor of j and 22?
2
Let n = -4034 + 4909. Calculate the highest common divisor of n and 70.
35
Let z = 5180 + -5110. What is the greatest common divisor of 742 and z?
14
Let t = -1637 + 1647. Suppose 1 = -2*b + 25. Let a be (-50)/(-3)*18/b. What is the highest common factor of a and t?
5
Let z(x) = -x**2 + 72*x + 1048. Let j be z(83). Calculate the highest common factor of j and 855.
45
Suppose -8*k - 7128 = -44*k. What is the greatest common factor of k and 1881?
99
Suppose 59*o - 30181 = 37315. Calculate the greatest common divisor of 88 and o.
88
Let s be (-168)/364 - ((-32)/(-72) + (-22570)/117). Suppose 0 = 3*i - 29 - 37. Let h = i - -2. Calculate the highest common divisor of h and s.
24
Let c = -4271 - -4309. Calculate the greatest common divisor of 209 and c.
19
Suppose 2*r - 13 = -3. Suppose r*v = 286 - 96. Let n be 230/4 + 2/(-4). What is the greatest common factor of v and n?
19
Let i(f) = -f**3 + 19*f**2 - 11*f + 33. Let h be i(17). Suppose 2*p + z - h = 0, 5*z + 154 + 58 = p. Calculate the highest common divisor of p and 159.
53
Let q be 7/((-7)/(-19)) + -1. Let i = 624 + -612. What is the highest common factor of i and q?
6
Suppose -3673*r + 3671*r = -8. Calculate the greatest common divisor of 1724 and r.
4
Let n(z) = 5*z**3 - 4*z**2 + 14*z - 10. Let l be n(5). Suppose -l = -3*d - 3*h + 168, -1249 = -5*d + h. Calculate the greatest common divisor of d and 10.
10
Let n(t) = -t**2 - 38*t + 14. Let s be n(-37). Let o(m) = m**2 + 7*m + 50. Let d be o(-9). Calculate the highest common divisor of s and d.
17
Let l be (-1)/(149678/(-13601) - (-10 + -1)). What is the greatest common factor of l and 725?
29
Suppose 416 = 46*i - 44*i. Let t be 545/3 - (30/18)/(-5). Suppose -t = -11*x + 4*x. What is the highest common factor of i and x?
26
Let f be ((-51)/68)/((-1)/8). Suppose -4*a + 2*c + 3648 = 0, -1824 = -f*a + 4*a + 4*c. What is the greatest common factor of a and 57?
57
Let g be 9/((-135)/10) + 594849/207. Calculate the greatest common divisor of g and 338.
169
Suppose 23*i - 24*i + 1241 = 3*r, 2*r - 5*i = 816. Let c(u) = -22*u - 7. Let x be c(-3). What is the greatest common factor of r and x?
59
Let l be (-1)/1 - (7 - 36). Let h(i) = -i**2 - 17*i - 25. Let c be h(-12). What is the greatest common divisor of l and c?
7
Let p = 6395 + -6088. What is the highest common divisor of p and 2?
1
Let a(v) = 2*v**2 - v + 16. Let p be a(7). Let u = 240 - p. Suppose -t = -u - 42. Calculate the greatest common factor of t and 25.
25
Let l = 144 - 137. Calculate the highest common factor of 1841 and l.
7
Suppose o - 5 = -1. Let f(t) = 9*t**3 - 50*t**2 - 20*t + 72. Let p be f(6). What is the greatest common divisor of p and o?
4
Let p(d) be the first derivative of 2*d**3/3 - 2*d**2 + 9*d + 1. Let t = -17 + 21. Let b be p(t). What is the greatest common divisor of b and 5?
5
Let h be -61*3/(-3) + (2 - -1). Suppose -74*s + 76*s = h. Calculate the highest common divisor of 224 and s.
32
Let u(x) = x**2 + 11*x + 21. Let b be u(-9). Suppose -3*a + b*o + 68 = 17, a = 3*o + 19. What is the highest common factor of a and 32?
16
Suppose -4116 = -27*n + 17754. Calculate the greatest common divisor of 150 and n.
30
Suppose 0 = -i - 5*q + 125, 0 = -5*i - 5*q + 1 + 564. Let z(w) = -28*w + 514. Let c be z(18). What is the highest common divisor of i and c?
10
Suppose -3*a - 48 = -2*z - 3*z, 5*a - 20 = 0. Suppose -4*r + 60 = -4. Suppose 0 = 3*g - z, g = w - 0*g - r. What is the highest common divisor of w and 40?
20
Suppose -5*n + 4*u = 114, 2*u = -0 + 2. Let j = -23 - n. Let i be ((-18)/j)/(11/55). What is the highest common factor of 10 and i?
10
Suppose 0 = -8*j + 3*j + 4*w + 157, 0 = 4*j + 2*w - 162. Calculate the greatest common div